{"id":1962,"date":"2023-02-06T18:53:21","date_gmt":"2023-02-06T17:53:21","guid":{"rendered":"https:\/\/siessen.org\/onde-estamos\/alemanha\/"},"modified":"2024-04-11T14:39:46","modified_gmt":"2024-04-11T12:39:46","slug":"alemanha","status":"publish","type":"page","link":"https:\/\/siessen.org\/pt-br\/onde-estamos\/alemanha\/","title":{"rendered":"Alemanha"},"content":{"rendered":"<div class=\"wpb-content-wrapper\">[vc_row][vc_column]<div class=\"vcex-spacing wpex-w-100 wpex-clear\"><\/div>[vc_column_text]\n<h1 style=\"text-align: center;\"><span class=\"wpex-text-4xl\">Alemanha<\/span><\/h1>\n[\/vc_column_text]<div class=\"vcex-module vcex-divider-dots wpex-mx-auto wpex-last-mr-0 wpex-text-center\"><span class=\"wpex-inline-block wpex-rounded-full wpex-bg-accent wpex-mr-10\"><\/span><span class=\"wpex-inline-block wpex-rounded-full wpex-bg-accent wpex-mr-10\"><\/span><span class=\"wpex-inline-block wpex-rounded-full wpex-bg-accent wpex-mr-10\"><\/span><\/div>[\/vc_column][\/vc_row][vc_row][vc_column]<style class=\"vcex-carousel-preload-css\">.vcex_69edf28825335{--wpex-carousel-gap:15px;}.vcex_69edf28825335{--wpex-carousel-columns:1;}.vcex_69edf28825335.wpex-carousel:not(.wpex-carousel--loaded) > *:not(:nth-child(1n+2)){display: flex !important;}@media only screen and (min-width: 480px) {.vcex_69edf28825335{--wpex-carousel-columns:2;}.vcex_69edf28825335.wpex-carousel:not(.wpex-carousel--loaded) > *:not(:nth-child(1n+3)){display: flex !important;}}@media only screen and (min-width: 768px) {.vcex_69edf28825335{--wpex-carousel-columns:3;}.vcex_69edf28825335.wpex-carousel:not(.wpex-carousel--loaded) > *:not(:nth-child(1n+4)){display: flex !important;}}@media only screen and (min-width: 960px) {.vcex_69edf28825335{--wpex-carousel-columns:3;}.vcex_69edf28825335.wpex-carousel:not(.wpex-carousel--loaded) > *:not(:nth-child(1n+4)){display: flex !important;}}<\/style><div class=\"vcex-image-carousel wpex-carousel wpex-carousel-images wpex-clr vcex-module owl-carousel wpex-carousel--render-onload vcex_69edf28825335 arrwstyle-circle arrwpos-default\" data-wpex-carousel=\"{&quot;autoplay&quot;:&quot;true&quot;,&quot;slideBy&quot;:1,&quot;items&quot;:3,&quot;responsive&quot;:{&quot;0&quot;:{&quot;items&quot;:&quot;1&quot;},&quot;480&quot;:{&quot;items&quot;:&quot;2&quot;},&quot;768&quot;:{&quot;items&quot;:&quot;3&quot;},&quot;960&quot;:{&quot;items&quot;:3}},&quot;smartSpeed&quot;:250,&quot;autoplayTimeout&quot;:5000}\"><div class=\"wpex-carousel-slide\"><figure class=\"wpex-carousel-entry-media entry-media wpex-relative\"><img width=\"533\" height=\"400\" src=\"https:\/\/siessen.org\/wp-content\/uploads\/2023\/06\/Schwestern.jpg\" class=\"wpex-align-middle skip-lazy\" alt=\"\" data-no-lazy=\"1\" srcset=\"https:\/\/siessen.org\/wp-content\/uploads\/2023\/06\/Schwestern.jpg 533w, https:\/\/siessen.org\/wp-content\/uploads\/2023\/06\/Schwestern-300x225.jpg 300w\" sizes=\"(max-width: 533px) 100vw, 533px\" \/><\/figure><\/div><div class=\"wpex-carousel-slide\"><figure class=\"wpex-carousel-entry-media entry-media wpex-relative\"><img width=\"533\" height=\"400\" src=\"https:\/\/siessen.org\/wp-content\/uploads\/2023\/06\/Klostergelaende-2023_Gesamt-c-massong.jpg\" class=\"wpex-align-middle skip-lazy\" alt=\"\" data-no-lazy=\"1\" srcset=\"https:\/\/siessen.org\/wp-content\/uploads\/2023\/06\/Klostergelaende-2023_Gesamt-c-massong.jpg 533w, https:\/\/siessen.org\/wp-content\/uploads\/2023\/06\/Klostergelaende-2023_Gesamt-c-massong-300x225.jpg 300w\" sizes=\"(max-width: 533px) 100vw, 533px\" \/><\/figure><\/div><div class=\"wpex-carousel-slide\"><figure class=\"wpex-carousel-entry-media entry-media wpex-relative\"><img width=\"530\" height=\"400\" src=\"https:\/\/siessen.org\/wp-content\/uploads\/2023\/06\/Gottvater.jpg\" class=\"wpex-align-middle skip-lazy\" alt=\"\" data-no-lazy=\"1\" srcset=\"https:\/\/siessen.org\/wp-content\/uploads\/2023\/06\/Gottvater.jpg 530w, https:\/\/siessen.org\/wp-content\/uploads\/2023\/06\/Gottvater-300x226.jpg 300w\" sizes=\"(max-width: 530px) 100vw, 530px\" \/><\/figure><\/div><div class=\"wpex-carousel-slide\"><figure class=\"wpex-carousel-entry-media entry-media wpex-relative\"><img width=\"533\" height=\"400\" src=\"https:\/\/siessen.org\/wp-content\/uploads\/2023\/06\/Abendhimmel.jpg\" class=\"wpex-align-middle skip-lazy\" alt=\"\" data-no-lazy=\"1\" srcset=\"https:\/\/siessen.org\/wp-content\/uploads\/2023\/06\/Abendhimmel.jpg 533w, https:\/\/siessen.org\/wp-content\/uploads\/2023\/06\/Abendhimmel-300x225.jpg 300w\" sizes=\"(max-width: 533px) 100vw, 533px\" \/><\/figure><\/div><div class=\"wpex-carousel-slide\"><figure class=\"wpex-carousel-entry-media entry-media wpex-relative\"><img width=\"526\" height=\"400\" src=\"https:\/\/siessen.org\/wp-content\/uploads\/2023\/06\/Clown-1.jpg\" class=\"wpex-align-middle skip-lazy\" alt=\"\" data-no-lazy=\"1\" srcset=\"https:\/\/siessen.org\/wp-content\/uploads\/2023\/06\/Clown-1.jpg 526w, https:\/\/siessen.org\/wp-content\/uploads\/2023\/06\/Clown-1-300x228.jpg 300w\" sizes=\"(max-width: 526px) 100vw, 526px\" \/><\/figure><\/div><div class=\"wpex-carousel-slide\"><figure class=\"wpex-carousel-entry-media entry-media wpex-relative\"><img width=\"523\" height=\"400\" src=\"https:\/\/siessen.org\/wp-content\/uploads\/2023\/06\/KIFF-HAnna.jpg\" class=\"wpex-align-middle skip-lazy\" alt=\"\" data-no-lazy=\"1\" srcset=\"https:\/\/siessen.org\/wp-content\/uploads\/2023\/06\/KIFF-HAnna.jpg 523w, https:\/\/siessen.org\/wp-content\/uploads\/2023\/06\/KIFF-HAnna-300x229.jpg 300w\" sizes=\"(max-width: 523px) 100vw, 523px\" \/><\/figure><\/div><div class=\"wpex-carousel-slide\"><figure class=\"wpex-carousel-entry-media entry-media wpex-relative\"><img width=\"533\" height=\"400\" src=\"https:\/\/siessen.org\/wp-content\/uploads\/2023\/06\/Erzaehlherz.jpg\" class=\"wpex-align-middle skip-lazy\" alt=\"\" data-no-lazy=\"1\" srcset=\"https:\/\/siessen.org\/wp-content\/uploads\/2023\/06\/Erzaehlherz.jpg 533w, https:\/\/siessen.org\/wp-content\/uploads\/2023\/06\/Erzaehlherz-300x225.jpg 300w\" sizes=\"(max-width: 533px) 100vw, 533px\" \/><\/figure><\/div><div class=\"wpex-carousel-slide\"><figure class=\"wpex-carousel-entry-media entry-media wpex-relative\"><img width=\"533\" height=\"400\" src=\"https:\/\/siessen.org\/wp-content\/uploads\/2023\/06\/Musik.jpg\" class=\"wpex-align-middle skip-lazy\" alt=\"\" data-no-lazy=\"1\" srcset=\"https:\/\/siessen.org\/wp-content\/uploads\/2023\/06\/Musik.jpg 533w, https:\/\/siessen.org\/wp-content\/uploads\/2023\/06\/Musik-300x225.jpg 300w\" sizes=\"(max-width: 533px) 100vw, 533px\" \/><\/figure><\/div><div class=\"wpex-carousel-slide\"><figure class=\"wpex-carousel-entry-media entry-media wpex-relative\"><img width=\"533\" height=\"400\" src=\"https:\/\/siessen.org\/wp-content\/uploads\/2023\/06\/Storch-auf-Wiese.jpg\" class=\"wpex-align-middle skip-lazy\" alt=\"\" data-no-lazy=\"1\" srcset=\"https:\/\/siessen.org\/wp-content\/uploads\/2023\/06\/Storch-auf-Wiese.jpg 533w, https:\/\/siessen.org\/wp-content\/uploads\/2023\/06\/Storch-auf-Wiese-300x225.jpg 300w\" sizes=\"(max-width: 533px) 100vw, 533px\" \/><\/figure><\/div><div class=\"wpex-carousel-slide\"><figure class=\"wpex-carousel-entry-media entry-media wpex-relative\"><img width=\"527\" height=\"400\" src=\"https:\/\/siessen.org\/wp-content\/uploads\/2023\/06\/Fest-1.jpg\" class=\"wpex-align-middle skip-lazy\" alt=\"\" data-no-lazy=\"1\" srcset=\"https:\/\/siessen.org\/wp-content\/uploads\/2023\/06\/Fest-1.jpg 527w, https:\/\/siessen.org\/wp-content\/uploads\/2023\/06\/Fest-1-300x228.jpg 300w\" sizes=\"(max-width: 527px) 100vw, 527px\" \/><\/figure><\/div><div class=\"wpex-carousel-slide\"><figure class=\"wpex-carousel-entry-media entry-media wpex-relative\"><img width=\"533\" height=\"400\" src=\"https:\/\/siessen.org\/wp-content\/uploads\/2023\/06\/Katholikentag.jpg\" class=\"wpex-align-middle skip-lazy\" alt=\"\" data-no-lazy=\"1\" srcset=\"https:\/\/siessen.org\/wp-content\/uploads\/2023\/06\/Katholikentag.jpg 533w, https:\/\/siessen.org\/wp-content\/uploads\/2023\/06\/Katholikentag-300x225.jpg 300w\" sizes=\"(max-width: 533px) 100vw, 533px\" \/><\/figure><\/div><div class=\"wpex-carousel-slide\"><figure class=\"wpex-carousel-entry-media entry-media wpex-relative\"><img width=\"534\" height=\"400\" src=\"https:\/\/siessen.org\/wp-content\/uploads\/2023\/06\/Liturgie-im-Freien-1.jpg\" class=\"wpex-align-middle skip-lazy\" alt=\"\" data-no-lazy=\"1\" srcset=\"https:\/\/siessen.org\/wp-content\/uploads\/2023\/06\/Liturgie-im-Freien-1.jpg 534w, https:\/\/siessen.org\/wp-content\/uploads\/2023\/06\/Liturgie-im-Freien-1-300x225.jpg 300w\" sizes=\"(max-width: 534px) 100vw, 534px\" \/><\/figure><\/div><\/div>[\/vc_column][\/vc_row][vc_row][vc_column width=&#8221;1\/2&#8243;][vc_column_text]A Prov\u00edncia de Alemanha \u00e9 a maior das nossas tr\u00eas Prov\u00edncias. O centro \u00e9 a Casa M\u00e3e da Congrega\u00e7\u00e3o em Siessen, perto de Bad Saulgau.<br \/>\nAtualmente, um dos focos de atividade continua a ser a \u00e1rea da diocese de Rottenburg-Stuttgart. Al\u00e9m disso, as Irm\u00e3s vivem e trabalham em Friburgo, W\u00fcrzburg, Vallendar, Wilnsdorf perto de Siegen, Berlim e Dresden. Com Assis, em It\u00e1lia, e Gotemburgo, na Su\u00e9cia, a Prov\u00edncia da Alemanha tem tamb\u00e9m dois Conventos em outros pa\u00edses europeus.<\/p>\n<p>Voc\u00ea pode encontrar mais informa\u00e7\u00f5es em seu site.<\/p>\n<p>A imagem \u00e0 direita mostra a Dire\u00e7\u00e3o Provincial,<br \/>\nDa esquerda para a direita: Ir. M. Elsbeth Bischof (Vig\u00e1ria Provincial), Ir. Marie-Sophie Schindeldecker (Superiora Provincial), Ir. M. Anke Oswald (Conselheira Provincial), Ir. M. Kathrin Prenzel (Conselheira Provincial), Ir. M. Doris Leik (Conselheira Provincial).[\/vc_column_text][\/vc_column][vc_column width=&#8221;1\/2&#8243;]<figure class=\"vcex-image vcex-module\"><div class=\"vcex-image-inner wpex-relative wpex-inline-block\"><img loading=\"lazy\" class=\"vcex-image-img wpex-align-middle\" decoding=\"async\" src=\"https:\/\/siessen.org\/wp-content\/uploads\/2023\/06\/Provinzleitung-scaled-1024x683.jpg\" alt=\"\" srcset=\"https:\/\/siessen.org\/wp-content\/uploads\/2023\/06\/Provinzleitung-scaled-1024x683.jpg 1024w, https:\/\/siessen.org\/wp-content\/uploads\/2023\/06\/Provinzleitung-scaled-300x200.jpg 300w, https:\/\/siessen.org\/wp-content\/uploads\/2023\/06\/Provinzleitung-768x512.jpg 768w, https:\/\/siessen.org\/wp-content\/uploads\/2023\/06\/Provinzleitung-1536x1025.jpg 1536w, https:\/\/siessen.org\/wp-content\/uploads\/2023\/06\/Provinzleitung-2048x1367.jpg 2048w\" width=\"1024\" height=\"683\"><\/div><\/figure>[\/vc_column][\/vc_row][vc_row][vc_column width=&#8221;1\/3&#8243;][vc_column_text]\n<h4>Endere\u00e7o postal:<\/h4>\n<p>Irm\u00e3s Franciscanas de Siessen<br \/>\nProv\u00edncia da Alemanha<br \/>\nKloster Siessen 3<br \/>\n88348 Bad Saulgau[\/vc_column_text][\/vc_column][vc_column width=&#8221;1\/3&#8243;][vc_column_text]\n<h4>Site:<\/h4>\n<p><a href=\"http:\/\/www.klostersiessen.de\" target=\"_blank\" rel=\"noopener\">www.klostersiessen.de<\/a>[\/vc_column_text][\/vc_column][vc_column width=&#8221;1\/3&#8243;][vc_column_text]\n<h4>Correio eletr\u00f3nico:<\/h4>\n<p><a href=\"mailto:info@klostersiessen.de\">info@klostersiessen.de<\/a>[\/vc_column_text][\/vc_column][\/vc_row]\n<\/div>","protected":false},"excerpt":{"rendered":"<p>[vc_row][vc_column][vc_column_text] Alemanha [\/vc_column_text][\/vc_column][\/vc_row][vc_row][vc_column][\/vc_column][\/vc_row][vc_row][vc_column width=&#8221;1\/2&#8243;][vc_column_text]A Prov\u00edncia de Alemanha \u00e9 a maior das nossas tr\u00eas Prov\u00edncias. O centro \u00e9 a Casa M\u00e3e da Congrega\u00e7\u00e3o em Siessen, perto de Bad Saulgau. Atualmente, um dos focos de atividade continua a ser a \u00e1rea da diocese de Rottenburg-Stuttgart. Al\u00e9m disso, as Irm\u00e3s vivem e trabalham em Friburgo, W\u00fcrzburg, Vallendar, Wilnsdorf&hellip;<\/p>\n","protected":false},"author":1,"featured_media":0,"parent":1919,"menu_order":0,"comment_status":"closed","ping_status":"closed","template":"","meta":{"footnotes":""},"class_list":["post-1962","page","type-page","status-publish","hentry","entry","no-media"],"_links":{"self":[{"href":"https:\/\/siessen.org\/pt-br\/wp-json\/wp\/v2\/pages\/1962","targetHints":{"allow":["GET"]}}],"collection":[{"href":"https:\/\/siessen.org\/pt-br\/wp-json\/wp\/v2\/pages"}],"about":[{"href":"https:\/\/siessen.org\/pt-br\/wp-json\/wp\/v2\/types\/page"}],"author":[{"embeddable":true,"href":"https:\/\/siessen.org\/pt-br\/wp-json\/wp\/v2\/users\/1"}],"replies":[{"embeddable":true,"href":"https:\/\/siessen.org\/pt-br\/wp-json\/wp\/v2\/comments?post=1962"}],"version-history":[{"count":10,"href":"https:\/\/siessen.org\/pt-br\/wp-json\/wp\/v2\/pages\/1962\/revisions"}],"predecessor-version":[{"id":4257,"href":"https:\/\/siessen.org\/pt-br\/wp-json\/wp\/v2\/pages\/1962\/revisions\/4257"}],"up":[{"embeddable":true,"href":"https:\/\/siessen.org\/pt-br\/wp-json\/wp\/v2\/pages\/1919"}],"wp:attachment":[{"href":"https:\/\/siessen.org\/pt-br\/wp-json\/wp\/v2\/media?parent=1962"}],"curies":[{"name":"wp","href":"https:\/\/api.w.org\/{rel}","templated":true}]}}

<div class="wpb-content-wrapper">[vc_row][vc_column]<div class="vcex-spacing wpex-w-100 wpex-clear"></div>[vc_column_text]
<h1 style="text-align: center;"><span class="wpex-text-4xl">Alemanha</span></h1>
[/vc_column_text]<div class="vcex-module vcex-divider-dots wpex-mx-auto wpex-last-mr-0 wpex-text-center"><span class="wpex-inline-block wpex-rounded-full wpex-bg-accent wpex-mr-10"></span><span class="wpex-inline-block wpex-rounded-full wpex-bg-accent wpex-mr-10"></span><span class="wpex-inline-block wpex-rounded-full wpex-bg-accent wpex-mr-10"></span></div>[/vc_column][/vc_row][vc_row][vc_column]<style class="vcex-carousel-preload-css">.vcex_69edf28825335{--wpex-carousel-gap:15px;}.vcex_69edf28825335{--wpex-carousel-columns:1;}.vcex_69edf28825335.wpex-carousel:not(.wpex-carousel--loaded) > *:not(:nth-child(1n+2)){display: flex !important;}@media only screen and (min-width: 480px) {.vcex_69edf28825335{--wpex-carousel-columns:2;}.vcex_69edf28825335.wpex-carousel:not(.wpex-carousel--loaded) > *:not(:nth-child(1n+3)){display: flex !important;}}@media only screen and (min-width: 768px) {.vcex_69edf28825335{--wpex-carousel-columns:3;}.vcex_69edf28825335.wpex-carousel:not(.wpex-carousel--loaded) > *:not(:nth-child(1n+4)){display: flex !important;}}@media only screen and (min-width: 960px) {.vcex_69edf28825335{--wpex-carousel-columns:3;}.vcex_69edf28825335.wpex-carousel:not(.wpex-carousel--loaded) > *:not(:nth-child(1n+4)){display: flex !important;}}</style><div class="vcex-image-carousel wpex-carousel wpex-carousel-images wpex-clr vcex-module owl-carousel wpex-carousel--render-onload vcex_69edf28825335 arrwstyle-circle arrwpos-default" data-wpex-carousel="{&quot;autoplay&quot;:&quot;true&quot;,&quot;slideBy&quot;:1,&quot;items&quot;:3,&quot;responsive&quot;:{&quot;0&quot;:{&quot;items&quot;:&quot;1&quot;},&quot;480&quot;:{&quot;items&quot;:&quot;2&quot;},&quot;768&quot;:{&quot;items&quot;:&quot;3&quot;},&quot;960&quot;:{&quot;items&quot;:3}},&quot;smartSpeed&quot;:250,&quot;autoplayTimeout&quot;:5000}"><div class="wpex-carousel-slide"><figure class="wpex-carousel-entry-media entry-media wpex-relative"><img width="533" height="400" src="https://siessen.org/wp-content/uploads/2023/06/Schwestern.jpg" class="wpex-align-middle skip-lazy" alt="" data-no-lazy="1" srcset="https://siessen.org/wp-content/uploads/2023/06/Schwestern.jpg 533w, https://siessen.org/wp-content/uploads/2023/06/Schwestern-300x225.jpg 300w" sizes="(max-width: 533px) 100vw, 533px" /></figure></div><div class="wpex-carousel-slide"><figure class="wpex-carousel-entry-media entry-media wpex-relative"><img width="533" height="400" src="https://siessen.org/wp-content/uploads/2023/06/Klostergelaende-2023_Gesamt-c-massong.jpg" class="wpex-align-middle skip-lazy" alt="" data-no-lazy="1" srcset="https://siessen.org/wp-content/uploads/2023/06/Klostergelaende-2023_Gesamt-c-massong.jpg 533w, https://siessen.org/wp-content/uploads/2023/06/Klostergelaende-2023_Gesamt-c-massong-300x225.jpg 300w" sizes="(max-width: 533px) 100vw, 533px" /></figure></div><div class="wpex-carousel-slide"><figure class="wpex-carousel-entry-media entry-media wpex-relative"><img width="530" height="400" src="https://siessen.org/wp-content/uploads/2023/06/Gottvater.jpg" class="wpex-align-middle skip-lazy" alt="" data-no-lazy="1" srcset="https://siessen.org/wp-content/uploads/2023/06/Gottvater.jpg 530w, https://siessen.org/wp-content/uploads/2023/06/Gottvater-300x226.jpg 300w" sizes="(max-width: 530px) 100vw, 530px" /></figure></div><div class="wpex-carousel-slide"><figure class="wpex-carousel-entry-media entry-media wpex-relative"><img width="533" height="400" src="https://siessen.org/wp-content/uploads/2023/06/Abendhimmel.jpg" class="wpex-align-middle skip-lazy" alt="" data-no-lazy="1" srcset="https://siessen.org/wp-content/uploads/2023/06/Abendhimmel.jpg 533w, https://siessen.org/wp-content/uploads/2023/06/Abendhimmel-300x225.jpg 300w" sizes="(max-width: 533px) 100vw, 533px" /></figure></div><div class="wpex-carousel-slide"><figure class="wpex-carousel-entry-media entry-media wpex-relative"><img width="526" height="400" src="https://siessen.org/wp-content/uploads/2023/06/Clown-1.jpg" class="wpex-align-middle skip-lazy" alt="" data-no-lazy="1" srcset="https://siessen.org/wp-content/uploads/2023/06/Clown-1.jpg 526w, https://siessen.org/wp-content/uploads/2023/06/Clown-1-300x228.jpg 300w" sizes="(max-width: 526px) 100vw, 526px" /></figure></div><div class="wpex-carousel-slide"><figure class="wpex-carousel-entry-media entry-media wpex-relative"><img width="523" height="400" src="https://siessen.org/wp-content/uploads/2023/06/KIFF-HAnna.jpg" class="wpex-align-middle skip-lazy" alt="" data-no-lazy="1" srcset="https://siessen.org/wp-content/uploads/2023/06/KIFF-HAnna.jpg 523w, https://siessen.org/wp-content/uploads/2023/06/KIFF-HAnna-300x229.jpg 300w" sizes="(max-width: 523px) 100vw, 523px" /></figure></div><div class="wpex-carousel-slide"><figure class="wpex-carousel-entry-media entry-media wpex-relative"><img width="533" height="400" src="https://siessen.org/wp-content/uploads/2023/06/Erzaehlherz.jpg" class="wpex-align-middle skip-lazy" alt="" data-no-lazy="1" srcset="https://siessen.org/wp-content/uploads/2023/06/Erzaehlherz.jpg 533w, https://siessen.org/wp-content/uploads/2023/06/Erzaehlherz-300x225.jpg 300w" sizes="(max-width: 533px) 100vw, 533px" /></figure></div><div class="wpex-carousel-slide"><figure class="wpex-carousel-entry-media entry-media wpex-relative"><img width="533" height="400" src="https://siessen.org/wp-content/uploads/2023/06/Musik.jpg" class="wpex-align-middle skip-lazy" alt="" data-no-lazy="1" srcset="https://siessen.org/wp-content/uploads/2023/06/Musik.jpg 533w, https://siessen.org/wp-content/uploads/2023/06/Musik-300x225.jpg 300w" sizes="(max-width: 533px) 100vw, 533px" /></figure></div><div class="wpex-carousel-slide"><figure class="wpex-carousel-entry-media entry-media wpex-relative"><img width="533" height="400" src="https://siessen.org/wp-content/uploads/2023/06/Storch-auf-Wiese.jpg" class="wpex-align-middle skip-lazy" alt="" data-no-lazy="1" srcset="https://siessen.org/wp-content/uploads/2023/06/Storch-auf-Wiese.jpg 533w, https://siessen.org/wp-content/uploads/2023/06/Storch-auf-Wiese-300x225.jpg 300w" sizes="(max-width: 533px) 100vw, 533px" /></figure></div><div class="wpex-carousel-slide"><figure class="wpex-carousel-entry-media entry-media wpex-relative"><img width="527" height="400" src="https://siessen.org/wp-content/uploads/2023/06/Fest-1.jpg" class="wpex-align-middle skip-lazy" alt="" data-no-lazy="1" srcset="https://siessen.org/wp-content/uploads/2023/06/Fest-1.jpg 527w, https://siessen.org/wp-content/uploads/2023/06/Fest-1-300x228.jpg 300w" sizes="(max-width: 527px) 100vw, 527px" /></figure></div><div class="wpex-carousel-slide"><figure class="wpex-carousel-entry-media entry-media wpex-relative"><img width="533" height="400" src="https://siessen.org/wp-content/uploads/2023/06/Katholikentag.jpg" class="wpex-align-middle skip-lazy" alt="" data-no-lazy="1" srcset="https://siessen.org/wp-content/uploads/2023/06/Katholikentag.jpg 533w, https://siessen.org/wp-content/uploads/2023/06/Katholikentag-300x225.jpg 300w" sizes="(max-width: 533px) 100vw, 533px" /></figure></div><div class="wpex-carousel-slide"><figure class="wpex-carousel-entry-media entry-media wpex-relative"><img width="534" height="400" src="https://siessen.org/wp-content/uploads/2023/06/Liturgie-im-Freien-1.jpg" class="wpex-align-middle skip-lazy" alt="" data-no-lazy="1" srcset="https://siessen.org/wp-content/uploads/2023/06/Liturgie-im-Freien-1.jpg 534w, https://siessen.org/wp-content/uploads/2023/06/Liturgie-im-Freien-1-300x225.jpg 300w" sizes="(max-width: 534px) 100vw, 534px" /></figure></div></div>[/vc_column][/vc_row][vc_row][vc_column width=&#8221;1/2&#8243;][vc_column_text]A Província de Alemanha é a maior das nossas três Províncias. O centro é a Casa Mãe da Congregação em Siessen, perto de Bad Saulgau.<br />
Atualmente, um dos focos de atividade continua a ser a área da diocese de Rottenburg-Stuttgart. Além disso, as Irmãs vivem e trabalham em Friburgo, Würzburg, Vallendar, Wilnsdorf perto de Siegen, Berlim e Dresden. Com Assis, em Itália, e Gotemburgo, na Suécia, a Província da Alemanha tem também dois Conventos em outros países europeus.</p>
<p>Você pode encontrar mais informações em seu site.</p>
<p>A imagem à direita mostra a Direção Provincial,<br />
Da esquerda para a direita: Ir. M. Elsbeth Bischof (Vigária Provincial), Ir. Marie-Sophie Schindeldecker (Superiora Provincial), Ir. M. Anke Oswald (Conselheira Provincial), Ir. M. Kathrin Prenzel (Conselheira Provincial), Ir. M. Doris Leik (Conselheira Provincial).[/vc_column_text][/vc_column][vc_column width=&#8221;1/2&#8243;]<figure class="vcex-image vcex-module"><div class="vcex-image-inner wpex-relative wpex-inline-block"><img loading="lazy" class="vcex-image-img wpex-align-middle" decoding="async" src="https://siessen.org/wp-content/uploads/2023/06/Provinzleitung-scaled-1024x683.jpg" alt="" srcset="https://siessen.org/wp-content/uploads/2023/06/Provinzleitung-scaled-1024x683.jpg 1024w, https://siessen.org/wp-content/uploads/2023/06/Provinzleitung-scaled-300x200.jpg 300w, https://siessen.org/wp-content/uploads/2023/06/Provinzleitung-768x512.jpg 768w, https://siessen.org/wp-content/uploads/2023/06/Provinzleitung-1536x1025.jpg 1536w, https://siessen.org/wp-content/uploads/2023/06/Provinzleitung-2048x1367.jpg 2048w" width="1024" height="683"></div></figure>[/vc_column][/vc_row][vc_row][vc_column width=&#8221;1/3&#8243;][vc_column_text]
<h4>Endereço postal:</h4>
<p>Irmãs Franciscanas de Siessen<br />
Província da Alemanha<br />
Kloster Siessen 3<br />
88348 Bad Saulgau[/vc_column_text][/vc_column][vc_column width=&#8221;1/3&#8243;][vc_column_text]
<h4>Site:</h4>
<p><a href="http://www.klostersiessen.de" target="_blank" rel="noopener">www.klostersiessen.de</a>[/vc_column_text][/vc_column][vc_column width=&#8221;1/3&#8243;][vc_column_text]
<h4>Correio eletrónico:</h4>
<p><a href="mailto:info@klostersiessen.de">info@klostersiessen.de</a>[/vc_column_text][/vc_column][/vc_row]
</div>

<p>[vc_row][vc_column][vc_column_text] Alemanha [/vc_column_text][/vc_column][/vc_row][vc_row][vc_column][/vc_column][/vc_row][vc_row][vc_column width=&#8221;1/2&#8243;][vc_column_text]A Província de Alemanha é a maior das nossas três Províncias. O centro é a Casa Mãe da Congregação em Siessen, perto de Bad Saulgau. Atualmente, um dos focos de atividade continua a ser a área da diocese de Rottenburg-Stuttgart. Além disso, as Irmãs vivem e trabalham em Friburgo, Würzburg, Vallendar, Wilnsdorf&hellip;</p>
